{"id":17,"date":"2019-05-08T18:39:44","date_gmt":"2019-05-08T16:39:44","guid":{"rendered":"http:\/\/leachevrier.fr\/?page_id=17"},"modified":"2025-07-03T17:50:53","modified_gmt":"2025-07-03T15:50:53","slug":"a-propos","status":"publish","type":"page","link":"https:\/\/leachevrier.fr\/index.php\/a-propos\/","title":{"rendered":"BIO"},"content":{"rendered":"\n<figure class=\"wp-block-gallery aligncenter columns-1 is-cropped\"><ul class=\"blocks-gallery-grid\"><li class=\"blocks-gallery-item\"><figure><img loading=\"lazy\" width=\"1024\" height=\"683\" src=\"http:\/\/leachevrier.fr\/wp-content\/uploads\/2025\/07\/491308044_1121060866732873_6664686026112085613_n-1024x683.jpg\" alt=\"\" data-id=\"2685\" data-full-url=\"http:\/\/leachevrier.fr\/wp-content\/uploads\/2025\/07\/491308044_1121060866732873_6664686026112085613_n.jpg\" data-link=\"http:\/\/leachevrier.fr\/index.php\/a-propos\/491308044_1121060866732873_6664686026112085613_n\/\" class=\"wp-image-2685\" srcset=\"https:\/\/leachevrier.fr\/wp-content\/uploads\/2025\/07\/491308044_1121060866732873_6664686026112085613_n-1024x683.jpg 1024w, https:\/\/leachevrier.fr\/wp-content\/uploads\/2025\/07\/491308044_1121060866732873_6664686026112085613_n-300x200.jpg 300w, https:\/\/leachevrier.fr\/wp-content\/uploads\/2025\/07\/491308044_1121060866732873_6664686026112085613_n-150x100.jpg 150w, https:\/\/leachevrier.fr\/wp-content\/uploads\/2025\/07\/491308044_1121060866732873_6664686026112085613_n-768x512.jpg 768w, https:\/\/leachevrier.fr\/wp-content\/uploads\/2025\/07\/491308044_1121060866732873_6664686026112085613_n-1536x1024.jpg 1536w, https:\/\/leachevrier.fr\/wp-content\/uploads\/2025\/07\/491308044_1121060866732873_6664686026112085613_n.jpg 2048w\" sizes=\"(max-width: 1024px) 100vw, 1024px\" \/><\/figure><\/li><\/ul><\/figure>\n\n\n\n<p>Le premier fil rouge de mon travail est l&rsquo;exploration des possibilit\u00e9s narratives et sensorielles qu\u2019offre le son spatialis\u00e9.<\/p>\n\n\n\n<p>Apr\u00e8s un m\u00e9moire sur <a href=\"https:\/\/www.lesonbinaural.fr\/EDIT\/DOCS\/chevrier_son_2015.PDF\"><em>\u00ab L\u2019exp\u00e9rimentation des techniques binaurales appliqu\u00e9e au documentaire radiophonique \u00bb <\/em><\/a> (ENS Louis Lumi\u00e8re 2015), j&rsquo;ai continu\u00e9 mes recherches sur le son binaural (son 3D pour le casque) en travaillant sur des cr\u00e9ations radiophoniques pour France Culture \u00ab\u00a0Apiphobe\u00a0\u00bb, la Gait\u00e9 Lyrique ou encore Audible \u00ab\u00a0Japon, les fleurs d&rsquo;un monde flottant, avec Am\u00e9lie Nothomb\u00a0\u00bb.<\/p>\n\n\n\n<p>Avec la soci\u00e9t\u00e9 de production <a href=\"http:\/\/www.narrative.info\/\">narrative<\/a>, je travaille sur des parcours sonores en binaural pour des lieux historiques et culturels : Abbaye aux Dames (Saintes), Ch\u00e2teau de Vaux-le-Vicomte, Th\u00e9\u00e2tre de Mogador (Paris), maison de Victor Hugo \u00e0 Guernesey (Paris Mus\u00e9e) etc.<\/p>\n\n\n\n<p>Enfin, je donne des conf\u00e9rences sur le son binaural \u00e0 l&rsquo;ESRA Bretagne (Ecole Sup\u00e9rieure de R\u00e9alisation Audiovisuelle), et des workshop sur la cr\u00e9ation sonore \u00e0 l&rsquo;\u00e9cole de Cond\u00e9 Rennes.<\/p>\n\n\n\n<p>Le second axe de mon travail explore les questions f\u00e9ministes. Dans <em><a href=\"http:\/\/leachevrier.fr\/index.php\/2020\/01\/28\/au-coeur-du-planning\/\">Au coeur du planning<\/a><\/em>, la journaliste Isabelle Duriez vous emm\u00e8ne au c\u0153ur du Planning Familial de Marseille pour y d\u00e9couvrir son fonctionnement et ses actions. Le parcours sonore <a href=\"http:\/\/leachevrier.fr\/index.php\/2019\/05\/09\/trobairitz\/\"><em>Trobairitz<\/em><\/a> \u00e0 l&rsquo;Abbaye Saint-Jean-de-Sorde, l&rsquo;installation sonore<a href=\"http:\/\/leachevrier.fr\/index.php\/2024\/10\/01\/decompose-en-cours\/\"> <em>Un orchestre \u00e0 soi<\/em><\/a> et la performance musicale<em> <a href=\"https:\/\/leachevrier.fr\/index.php\/2025\/02\/01\/decompose-en-cours\/\">Maddalena Morir Non Puo<\/a><\/em>, sont des travaux personnels autour de l&rsquo;invisibilisation et de la red\u00e9couverte des compositrices dans l&rsquo;histoire de la musique.<\/p>\n\n\n\n<p>Vous pouvez d\u00e9couvrir tous mes projets sur la page d\u2019<a href=\"http:\/\/leachevrier.fr\/\">accueil<\/a> de ce site. Bonne \u00e9coute !<\/p>\n","protected":false},"excerpt":{"rendered":"<p>Le premier fil rouge de mon travail est l&rsquo;exploration des possibilit\u00e9s narratives et sensorielles qu\u2019offre le son spatialis\u00e9. Apr\u00e8s un m\u00e9moire sur \u00ab L\u2019exp\u00e9rimentation des techniques binaurales appliqu\u00e9e au documentaire radiophonique \u00bb (ENS Louis Lumi\u00e8re 2015), j&rsquo;ai continu\u00e9 mes recherches sur le son binaural (son 3D pour le casque) en travaillant sur des cr\u00e9ations radiophoniques [&hellip;]<\/p>\n","protected":false},"author":1,"featured_media":0,"parent":0,"menu_order":1,"comment_status":"closed","ping_status":"closed","template":"","meta":[],"_links":{"self":[{"href":"https:\/\/leachevrier.fr\/index.php\/wp-json\/wp\/v2\/pages\/17"}],"collection":[{"href":"https:\/\/leachevrier.fr\/index.php\/wp-json\/wp\/v2\/pages"}],"about":[{"href":"https:\/\/leachevrier.fr\/index.php\/wp-json\/wp\/v2\/types\/page"}],"author":[{"embeddable":true,"href":"https:\/\/leachevrier.fr\/index.php\/wp-json\/wp\/v2\/users\/1"}],"replies":[{"embeddable":true,"href":"https:\/\/leachevrier.fr\/index.php\/wp-json\/wp\/v2\/comments?post=17"}],"version-history":[{"count":47,"href":"https:\/\/leachevrier.fr\/index.php\/wp-json\/wp\/v2\/pages\/17\/revisions"}],"predecessor-version":[{"id":2688,"href":"https:\/\/leachevrier.fr\/index.php\/wp-json\/wp\/v2\/pages\/17\/revisions\/2688"}],"wp:attachment":[{"href":"https:\/\/leachevrier.fr\/index.php\/wp-json\/wp\/v2\/media?parent=17"}],"curies":[{"name":"wp","href":"https:\/\/api.w.org\/{rel}","templated":true}]}}